3*z + 5*y - 339 = 102, -3*y = -5*z + j. Calculate the greatest common divisor of z and 19.
19
Let y be ((-2)/(-4))/(2/20). Let f(r) = 5*r**2 + 602*r + 4184. Let q be f(-7). Calculate the highest common factor of q and y.
5
Suppose -2545*o + 2568*o - 2645 = 0. Calculate the greatest common factor of 20 and o.
5
Let i(o) = o**3 - 7*o**2 + 9*o + 8. Let a be i(6). Suppose -2*x = a*x - 14196. Calculate the greatest common factor of 39 and x.
39
Let o = -38 + 41. Suppose 2*d + 11 = o*d. Let w be ((-22)/(-4))/((-2)/(-12)). What is the highest common divisor of w and d?
11
Suppose -2*c + 14*c = 480. Suppose -4*u + 2*a - c + 160 = 0, -5*u + a + 150 = 0. Calculate the highest common divisor of u and 480.
30
Let k be 4358/22 - 31/341. What is the highest common factor of 770 and k?
22
Let j(x) = 48*x**3 - 9*x**2 + 21*x + 5. Let n be j(5). What is the greatest common divisor of n and 11?
11
Let v = 113 + -101. Suppose 42 + v = 6*w. Calculate the highest common divisor of w and 54.
9
Suppose 1 = -d - 0, 5*d - 16 = -3*i. Let y be 1/(i*2/938). Calculate the greatest common divisor of y and 67.
67
Let y be ((-278)/(-5))/(8/20). Let m = y - 128. Calculate the greatest common divisor of 11 and m.
11
Let f be 9/(63/28) - -2. What is the highest common factor of f and 975?
3
Let p be 2*(7 + -6)*(5 + -1). What is the highest common divisor of p and 7296?
8
Let g be (-128)/(-5) + (-6)/(-15). Let w(n) be the first derivative of -n**2/2 + 8*n - 38. Let u be w(-5). What is the greatest common factor of g and u?
13
Let z(x) = -16*x + 4. Let p be z(-5). Let n = -1871 - -3257. Suppose -38*a = -27*a - n. Calculate the highest common factor of a and p.
42
Let u be (6 - 2/(-1)) + (4565 - -32). What is the greatest common factor of 15 and u?
15
Let h be 304654/119 - (1 + (-30)/34). Calculate the greatest common divisor of h and 160.
160
Let t = 67 - 53. Suppose -13*m - t = -20*m. Suppose 5*p - w = 38, m*w + 26 = 3*p + 3*w. What is the highest common factor of 56 and p?
8
Let r(g) = 4*g**3 + 3*g**2 + g - 5. Let m(t) = -t**3 + t**2. Let s(n) = -2*m(n) - r(n). Let u be s(-4). Calculate the greatest common divisor of 19 and u.
19
Suppose -3*b - 32 = -a, 3*a + 7*b = 4*b + 36. Suppose -2*r = 4*v - 5 - 237, -5*r + 599 = 4*v. Calculate the highest common divisor of r and a.
17
Let a = 478 + -67. Let r be a - (21/7)/3. Calculate the greatest common factor of r and 10.
10
Let z(r) = -r**2 - 21*r + 1496. Let b be z(0). What is the highest common factor of b and 11?
11
Suppose 3*r = -2*y + 169, -4*y + 56 - 323 = -5*r. Let d be (-374)/55 + 7 + 24/5. Suppose 0 + r = d*f. What is the greatest common divisor of f and 1?
1
Let r(s) = -108*s + 19685. Let v be r(145). Calculate the highest common factor of v and 1127.
161
Let h be (-3 + (-213)/12)*-4 + -1. Suppose -q + t + 63 = 0, -q + h = 2*t + 28. What is the greatest common divisor of 18 and q?
6
Let h = -653 - -462. Let x = h + 449. Let t = -168 + x. What is the highest common divisor of t and 10?
10
Suppose 0 = 3*v + t - 15051, 8*v + 60*t - 40136 = 59*t. Calculate the highest common divisor of v and 58.
29
Let d be (-8)/(-6) + 8/(-6) - -1. Let q = -5 - -9. Let i = 13 - q. Calculate the greatest common factor of i and d.
1
Suppose 17 = 2*d - d. Let g(u) = -5*u + 116. Let p be g(20). Let c(j) = j**2 - 19*j + 82. Let s be c(p). What is the highest common divisor of s and d?
17
Suppose 23*j - 41828 = 35705. What is the greatest common divisor of j and 1?
1
Let a be 36*(8 - 215/20)*(-18)/1. What is the greatest common divisor of 648 and a?
162
Suppose 36*t - 42*t - 1614 = 0. Let x = -387 - t. Let b = -42 - x. Calculate the greatest common factor of b and 38.
38
Let s(f) = -f**2 - 7*f + 3. Let a be s(-6). Suppose 3*i + 169 = 673. Suppose -8*h + a*h - i = 0. What is the greatest common factor of h and 21?
21
Let g = 209 + -139. Let u be ((-224)/g)/(4/(-50)). Calculate the greatest common factor of u and 440.
40
Let o = -8482 + 9752. What is the greatest common factor of o and 120?
10
Suppose 3*w + 3*s = s + 80, 0 = 2*w - s - 65. Let l be (-133)/(-4) - 2/8. Suppose -30 = -l*b + w*b. Calculate the highest common divisor of 10 and b.
10
Suppose 0 = 146*a + 4639 - 475343. Calculate the greatest common divisor of 744 and a.
248
Let b be (10/15)/(((-4)/(-60))/(38/95)). Let q be -1 - -1*1 - -3. Let s be (b - q)*(0 + (1 - -164)). Calculate the highest common factor of s and 15.
15
Let d = 8539 + -8403. Calculate the greatest common divisor of 1336 and d.
8
Let p(h) = 5*h - 64. Let s(o) = o - 16. Let c(d) = 2*p(d) - 9*s(d). Let u be (-74)/8 + (-18)/24. Let x be c(u). Calculate the highest common factor of x and 66.
6
Let r be 3 - (0 - 11475/9). Calculate the highest common divisor of r and 54.
18
Suppose 0*l - 13500 = -10*l. Suppose -5*f + l = 4*f. What is the greatest common divisor of f and 15?
15
Let z = -94 - -97. Let o be z - ((-14)/(-49) - 46/14). Suppose -v + o - 2 = 0. Calculate the highest common divisor of 44 and v.
4
Suppose 0 = -r + 3*v - 85, r + 138 = -r - 2*v. Let l = 88 + r. Calculate the highest common divisor of 27 and l.
3
Let f = -10669 + 10741. Calculate the greatest common divisor of 184 and f.
8
Let g = -830 + 953. What is the highest common divisor of g and 1886?
41
Suppose 2847 = -249*r + 20775. Calculate the greatest common factor of r and 92.
4
Suppose -s + 133 = -0*s + 5*d, s = 4*d + 124. Suppose s = 4*y + 8. Calculate the greatest common factor of 45 and y.
15
Let g(r) = -128*r - 5016. Let x be g(-46). Calculate the highest common divisor of 13298 and x.
218
Suppose 3*w = -r + 146, -2*w + 3*w + r - 50 = 0. Let i = w + -26. What is the highest common divisor of i and 55?
11
Suppose -2*p + 100 = -0*p. Suppose 5*m + 55 = -0*d + d, p = d - 4*m. Let b(h) = h**2 - 28*h + 5. Let z be b(28). What is the greatest common factor of z and d?
5
Suppose 3*t + t - 3*f - 6 = 0, 2*t - 5*f + 4 = 0. Suppose q = 0, 0*j + t*q = -2*j + 8. Calculate the greatest common divisor of j and 244.
4
Suppose -5*z + 0*z - w + 151 = 0, -4*z = 3*w - 123. Let v be (15 + -6 - 1 - 4) + 16. Calculate the greatest common factor of z and v.
10
Let h = 69 + -72. Let j be h*(48/(-18) - 1). Calculate the highest common factor of j and 77.
11
Suppose 50*t - 1170 = -40*t. Calculate the greatest common factor of 53 and t.
1
Suppose -3*c + 42 = -5*q, -43*c = -40*c + 3*q - 66. Suppose a - 10 = 6*a. Let o be ((-6)/a)/(6/76). What is the greatest common divisor of o and c?
19
Let x = 103 - 87. Suppose -x = -2*m - 2*c, 5 = m - c + 3*c. Let r = 87 - m. What is the highest common divisor of r and 114?
38
Suppose -7*m - 2000 = -2126. Calculate the highest common factor of 1002 and m.
6
Let q(c) = -c**3 - 4*c**2 - c + 4. Let u be q(-3). Let w be 1 - 1 - 6/u. Suppose 9*m = w*m + 1122. Calculate the highest common factor of m and 17.
17
Let m be (-206)/(-4) + 21/(-14). Suppose -19*o + 2414 = -2*o. Suppose 141*c = o*c - 250. Calculate the greatest common divisor of m and c.
50
Suppose 5*r - 681 = -5*m + r, 3*m + 4*r = 415. Let n = 41 - 83. Let y = n + 61. What is the greatest common factor of y and m?
19
Let y(x) = -2*x**2 + 4*x + 1938. Let u be y(-30). Calculate the highest common factor of 27 and u.
9
Let z(f) = 154*f + 4601. Let b be z(-29). Calculate the highest common factor of 3780 and b.
135
Let z = 8 - -8. Let y(u) = 5*u**2 - 2*u**2 + 34*u - 3*u**2 - u**2 + 18. Let w be y(z). Calculate the highest common factor of 34 and w.
34
Let r(x) = 13*x - 96. Let q be r(9). Let o be 30/45*831/2. Let j = o + -172. Calculate the highest common factor of q and j.
21
Let s(k) = 52*k - 564. Let b be s(12). Calculate the highest common factor of 204 and b.
12
Let y be (-3)/((-3)/1) - -28. Suppose 13*w - 36 = y. Calculate the greatest common divisor of w and 190.
5
Suppose 3*u + 2*i - 235 = -2*u, i = u - 40. Let n be ((-2)/3)/((-10)/u). Let f be 1/(9/6)*(-81)/(-2). What is the greatest common factor of n and f?
3
Suppose -2*w + 24 = -2*y, -5*y + 30 = 4*w - 0. Calculate the highest common factor of w and 30.
10
Suppose 50266*u - 50345*u + 16432 = 0. Let c = 28 + 24. Suppose -3*y + c = -26. What is the highest common factor of u and y?
26
Let f(d) = 3*d**2 + 3*d - 4. Let t be f(-3). Suppose 7 = -4*z + 5*i + 3, -4*z + 6*i - 8 = 0. Let v = z + t. Calculate the greatest common divisor of v and